{"id":64,"date":"2022-07-05T14:26:42","date_gmt":"2022-07-05T12:26:42","guid":{"rendered":"http:\/\/gaiame.org\/?page_id=64"},"modified":"2024-10-02T18:41:32","modified_gmt":"2024-10-02T16:41:32","slug":"gaiame-expertises-naturalistes-et-accompagnement-eco-logique","status":"publish","type":"page","link":"https:\/\/gaiame.org\/","title":{"rendered":"Qui suis je ?"},"content":{"rendered":"\n<p class=\"has-text-align-center\">______________<\/p>\n\n\n\n<p>Karine, 45 ans, 2 filles et toute une tribu d&rsquo;animaux&#8230;<\/p>\n\n\n\n<p>Amoureuse de notre Terre depuis toujours, j&rsquo;ai \u00e9t\u00e9 naturaliste ind\u00e9pendante pendant 25 ans ce qui m&rsquo;a permis d&rsquo;explorer de nombreux pays et cultures.<\/p>\n\n\n\n<p>Mon chemin de vie m&rsquo;a amen\u00e9 \u00e0 d\u00e9couvrir et me former, depuis plus de 10 ans, aux m\u00e9decines douces puis aux techniques \u00e9nerg\u00e9tiques de Bien-\u00eatre et notamment au Reiki. Ces techniques ont \u00e9t\u00e9 une v\u00e9ritable r\u00e9v\u00e9lation pour moi qui \u00e9tais sujette \u00e0 des douleurs chroniques depuis de nombreuses ann\u00e9es sans arriver \u00e0 les r\u00e9duire. Gr\u00e2ce \u00e0 ces techniques compl\u00e9mentaires, j&rsquo;ai r\u00e9ussi \u00e0 g\u00e9rer ces douleurs et \u00e0 am\u00e9liorer ma vie quotidienne.<\/p>\n\n\n\n<p>Forte de cette exp\u00e9rience personnelle, et Enseignante Reiki, je souhaite transmettre et partager ces techniques avec le plus grand nombre, convaincue qu&rsquo;elles permettent d&rsquo;atteindre \u00e9quilibre, s\u00e9r\u00e9nit\u00e9 et harmonie, dans un monde souvent compliqu\u00e9.<\/p>\n\n\n\n<p style=\"font-size:18px\"><strong>\u00ab\u00a0Ga\u00ef\u00c2me\u00a0\u00bb <\/strong>\u00e9voque pour moi l&rsquo;\u00c2me de la Terre (Ga\u00efa), \u00e0 la base de toute vie. Elle nous relie tous les uns aux autres. En la regardant, nous nous observons nous-m\u00eames, approchant notre \u00ab nature \u00bb profonde .<\/p>\n\n\n\n<p class=\"has-text-align-center\" style=\"font-size:18px\"><em><strong>Avec \u00ab\u00a0Ga\u00ef\u00c2me\u00a0\u00bb j&rsquo;aimerais vous accompagner sur le chemin du mieux \u00eatre et vous aider \u00e0 vous reconnecter \u00e0 votre nature profonde.<\/strong><\/em><\/p>\n\n\n\n<h5 class=\"wp-block-heading has-vivid-red-color has-text-color has-link-color wp-elements-3341ae070a93c138fa7b5e01f4749a90\"><em>\u00ab\u00a0Apaiser le Corps et l&rsquo;Esprit&#8230;\u00a0\u00bb<\/em><\/h5>\n\n\n\n<p>L&rsquo;art du bien-\u00eatre est diff\u00e9rent pour chacun, voil\u00e0 pourquoi je vous propose des m\u00e9thodes vari\u00e9es et adapt\u00e9es \u00e0 tous :<\/p>\n\n\n\n<p><strong>Pour les adultes, les adolescents et les enfants :<\/strong> Le <a href=\"https:\/\/gaiame.org\/index.php\/reiki\/\" data-type=\"page\" data-id=\"121\">Reiki <\/a>apaise, harmonise et \u00e9quilibre. Il agit sur le physique, le mental et l&rsquo;esprit.<\/p>\n\n\n\n<p><strong>Pour les plus petits (de la naissance \u00e0 18 mois) :<\/strong> Le Reiki associ\u00e9 \u00e0 la R\u00e9flexologie p\u00e9diatrique est un moment de douceur et de bien \u00eatre qui soulage les premiers maux.<\/p>\n\n\n\n<p><strong>Pour nos amis les animaux : <\/strong>Le Reiki associ\u00e9 au Shiatsu, harmonise les \u00e9nergies, soulage et apaise.<\/p>\n\n\n\n<p><strong>Pour ceux qui sont touch\u00e9s par la beaut\u00e9 de la nature, l&rsquo;art, l&rsquo;artisanat, les cultures premi\u00e8res<\/strong> : Je vous invite \u00e0 pousser la porte de mon Atelier et \u00e0 voyager \u00e0 travers le monde avec moi.<\/p>\n\n\n\n<p><strong>Enfin, pour ceux qui ont besoin de se d\u00e9connecter de leur quotidien, de faire un break<\/strong> : Je vous propose une h\u00e9bergement nature au coeur du bocage normand afin de vous reconnecter \u00e0 l&rsquo;essentiel, avec pour seuls voisins, la faune, les \u00e9toiles, la nature&#8230;<\/p>\n\n\n\n<p class=\"has-text-align-center\"><strong>Au plaisir de vous rencontrer !<\/strong><\/p>\n\n\n\n<p><\/p>\n\n\n\n<p style=\"font-size:16px\"><strong>Important :<\/strong> Bien qu&rsquo;ouverte d&rsquo;esprit, mon mental a quant \u00e0 lui un cot\u00e9 tr\u00e8s rationnel. Il a besoin de tester, de preuves. Par cons\u00e9quent, je ne vous propose ici que des m\u00e9thodes dont j&rsquo;ai pu constater l&rsquo;efficacit\u00e9 sur moi et sur les personnes que j&rsquo;ai rencontr\u00e9.<\/p>\n","protected":false},"excerpt":{"rendered":"<p>______________ Karine, 45 ans, 2 filles et toute une tribu d&rsquo;animaux&#8230; Amoureuse de notre Terre depuis toujours, j&rsquo;ai \u00e9t\u00e9 naturaliste ind\u00e9pendante pendant 25 ans ce &hellip; <\/p>\n","protected":false},"author":1,"featured_media":0,"parent":0,"menu_order":0,"comment_status":"closed","ping_status":"closed","template":"","meta":{"footnotes":""},"class_list":["post-64","page","type-page","status-publish","hentry"],"_links":{"self":[{"href":"https:\/\/gaiame.org\/index.php\/wp-json\/wp\/v2\/pages\/64","targetHints":{"allow":["GET"]}}],"collection":[{"href":"https:\/\/gaiame.org\/index.php\/wp-json\/wp\/v2\/pages"}],"about":[{"href":"https:\/\/gaiame.org\/index.php\/wp-json\/wp\/v2\/types\/page"}],"author":[{"embeddable":true,"href":"https:\/\/gaiame.org\/index.php\/wp-json\/wp\/v2\/users\/1"}],"replies":[{"embeddable":true,"href":"https:\/\/gaiame.org\/index.php\/wp-json\/wp\/v2\/comments?post=64"}],"version-history":[{"count":28,"href":"https:\/\/gaiame.org\/index.php\/wp-json\/wp\/v2\/pages\/64\/revisions"}],"predecessor-version":[{"id":358,"href":"https:\/\/gaiame.org\/index.php\/wp-json\/wp\/v2\/pages\/64\/revisions\/358"}],"wp:attachment":[{"href":"https:\/\/gaiame.org\/index.php\/wp-json\/wp\/v2\/media?parent=64"}],"curies":[{"name":"wp","href":"https:\/\/api.w.org\/{rel}","templated":true}]}}