{"id":121,"date":"2024-05-23T14:39:21","date_gmt":"2024-05-23T12:39:21","guid":{"rendered":"https:\/\/gaiame.org\/?page_id=121"},"modified":"2025-01-09T16:45:26","modified_gmt":"2025-01-09T15:45:26","slug":"reiki","status":"publish","type":"page","link":"https:\/\/gaiame.org\/index.php\/reiki\/","title":{"rendered":"Reiki"},"content":{"rendered":"\n<p>Mon chemin de vie m&rsquo;a amen\u00e9 \u00e0 d\u00e9couvrir et me former, depuis plus de 10 ans, aux m\u00e9decines douces puis aux techniques \u00e9nerg\u00e9tiques de Bien-\u00eatre et notamment au Reiki. Ces techniques ont \u00e9t\u00e9 une v\u00e9ritable r\u00e9v\u00e9lation pour moi qui \u00e9tais sujette \u00e0 des douleurs chroniques depuis de nombreuses ann\u00e9es sans arriver \u00e0 les r\u00e9duire. Gr\u00e2ce \u00e0 ces techniques compl\u00e9mentaires, j&rsquo;ai r\u00e9ussi \u00e0 g\u00e9rer mes douleurs et \u00e0 am\u00e9liorer consid\u00e9rablement ma vie quotidienne.<\/p>\n\n\n\n<p>Forte de cette exp\u00e9rience personnelle, et Enseignante Reiki depuis 2024, j&rsquo;ai \u00e0 coeur de transmettre et de partager ces techniques avec le plus grand nombre, convaincue qu&rsquo;elles permettent d&rsquo;atteindre un v\u00e9ritable bien \u00eatre et d&rsquo;am\u00e9liorer notre qualit\u00e9 de vie.<\/p>\n\n\n\n<p><strong>Je vous propose donc \u00e0 mon cabinet de Lisieux, des s\u00e9ances de Reiki associ\u00e9es selon les cas, \u00e0 de la r\u00e9flexologie (pour les tous petits), du shiatsu (pour les animaux), de la kin\u00e9siologie ou de l&rsquo;aromath\u00e9rapie.<\/strong><\/p>\n\n\n\n<p>Le Reiki est une <strong>technique \u00e9nerg\u00e9tique de bien-\u00eatre totalement naturelle<\/strong>, sans aucune contre indication, qui s&rsquo;applique \u00e0 tous: Hommes, Femmes, enfants, b\u00e9b\u00e9s, animaux, plantes, &#8230;<\/p>\n\n\n\n<h2 class=\"wp-block-heading has-medium-font-size\">Le Reiki, apporte un bien-\u00eatre g\u00e9n\u00e9ral en agissant sur tous les niveaux de l&rsquo;\u00eatre : <\/h2>\n\n\n\n<ul class=\"wp-block-list\">\n<li><strong>Physique :<\/strong> Il harmonise et \u00e9quilibre les \u00e9nergies dans le corps, stimulant ainsi le processus d&rsquo;auto-gu\u00e9rison.<\/li>\n\n\n\n<li><strong>\u00c9motionnel :<\/strong> Il apaise le stress, l\u2019anxi\u00e9t\u00e9 et les \u00e9motions n\u00e9gatives.<\/li>\n\n\n\n<li><strong>Mental :<\/strong> Il aide \u00e0 calmer l\u2019esprit, \u00e0 am\u00e9liorer la concentration et \u00e0 favoriser la clart\u00e9 mentale.<\/li>\n<\/ul>\n\n\n\n<p class=\"has-text-align-left\">Chaque cas est particulier, chaque individu est unique&#8230; <strong><em>La s\u00e9ance sera donc totalement individualis\u00e9e et adapt\u00e9e \u00e0 votre cas <\/em><\/strong>(relaxation ou accompagnement de douleurs, \u00e2ge&#8230;). <\/p>\n\n\n\n<p>Mon tarif de base est de <strong><em>60 \u20ac de l&rsquo;heure<\/em><\/strong>. <\/p>\n\n\n\n<p>Ce tarif est r\u00e9duit pour les personnes en situation difficile (ne restez pas avec des douleurs ou un mal \u00eatre pour des questions financi\u00e8res &#8211; n&rsquo;h\u00e9sitez pas \u00e0 me contacter, nous trouverons une solution)<\/p>\n\n\n\n<p>Je pr\u00e9cise que je ne fais pas de s\u00e9ances de moins de 20 mn hors cas particulier (b\u00e9b\u00e9, animaux&#8230;) <\/p>\n\n\n\n<p class=\"has-text-align-left\">De part mon exp\u00e9rience et mon chemin de vie personnels, je vous propose de vous accompagner plus particuli\u00e8rement dans ces domaines :<\/p>\n\n\n\n<p><strong>Adultes et Adolescents :<\/strong><\/p>\n\n\n\n<ul class=\"wp-block-list\">\n<li>lors de longues maladies, <\/li>\n\n\n\n<li>douleurs chroniques ou aig\u00fces, <\/li>\n\n\n\n<li>lors de traitements contre le cancer (cancer du sein notamment).<\/li>\n<\/ul>\n\n\n\n<p><strong>Les tous petits et leurs parents :<\/strong> (Reiki et r\u00e9flexologie p\u00e9diatrique)<\/p>\n\n\n\n<ul class=\"wp-block-list\">\n<li>douleurs digestives<\/li>\n\n\n\n<li>stress, sommeil<\/li>\n<\/ul>\n\n\n\n<p><strong>Animaux domestiques, de ferme et de parcs zoologiques :<\/strong> (Reiki et Shiatsu)<\/p>\n\n\n\n<ul class=\"wp-block-list\">\n<li>douleurs chroniques ou aig\u00fce<\/li>\n\n\n\n<li>stress, d\u00e9pression, anxi\u00e9t\u00e9 de s\u00e9paration<\/li>\n<\/ul>\n\n\n\n<p>Et si vous souhaitez devenir autonome dans vos soins pour vous et votre entourage, je serais heureuse de vous initier \u00e0 la pratique du Reiki lors de stages individuels.<\/p>\n\n\n\n<p>Au plaisir de vous rencontrer !<\/p>\n\n\n\n<p>Karine<\/p>\n\n\n\n<hr class=\"wp-block-separator has-alpha-channel-opacity\"\/>\n\n\n<div class=\"wp-block-image\">\n<figure class=\"aligncenter\"><img decoding=\"async\" src=\"https:\/\/www.bing.com\/th?id=OSK.6c4f3917b7ea6bec67dfb5c9cc62a10f&amp;pid=cdx&amp;w=94&amp;h=189&amp;c=7\" alt=\"Reiki\"\/><\/figure>\n<\/div>","protected":false},"excerpt":{"rendered":"<p>Mon chemin de vie m&rsquo;a amen\u00e9 \u00e0 d\u00e9couvrir et me former, depuis plus de 10 ans, aux m\u00e9decines douces puis aux techniques \u00e9nerg\u00e9tiques de Bien-\u00eatre &hellip; <\/p>\n","protected":false},"author":1,"featured_media":0,"parent":0,"menu_order":0,"comment_status":"closed","ping_status":"closed","template":"","meta":{"footnotes":""},"class_list":["post-121","page","type-page","status-publish","hentry"],"_links":{"self":[{"href":"https:\/\/gaiame.org\/index.php\/wp-json\/wp\/v2\/pages\/121","targetHints":{"allow":["GET"]}}],"collection":[{"href":"https:\/\/gaiame.org\/index.php\/wp-json\/wp\/v2\/pages"}],"about":[{"href":"https:\/\/gaiame.org\/index.php\/wp-json\/wp\/v2\/types\/page"}],"author":[{"embeddable":true,"href":"https:\/\/gaiame.org\/index.php\/wp-json\/wp\/v2\/users\/1"}],"replies":[{"embeddable":true,"href":"https:\/\/gaiame.org\/index.php\/wp-json\/wp\/v2\/comments?post=121"}],"version-history":[{"count":13,"href":"https:\/\/gaiame.org\/index.php\/wp-json\/wp\/v2\/pages\/121\/revisions"}],"predecessor-version":[{"id":382,"href":"https:\/\/gaiame.org\/index.php\/wp-json\/wp\/v2\/pages\/121\/revisions\/382"}],"wp:attachment":[{"href":"https:\/\/gaiame.org\/index.php\/wp-json\/wp\/v2\/media?parent=121"}],"curies":[{"name":"wp","href":"https:\/\/api.w.org\/{rel}","templated":true}]}}